t is 3 (base 8) in base 4?
3
What is -16 (base 15) in base 14?
-17
Convert -4 (base 10) to base 4.
-10
What is 3 (base 13) in base 3?
10
-2 (base 11) to base 13
-2
-2b (base 16) to base 11
-3a
What is -2020 (base 4) in base 15?
-91
4 (base 15) to base 10
4
Convert -9a (base 14) to base 6.
-344
-9b (base 12) to base 13
-92
Convert 14 (base 13) to base 2.
10001
Convert 8 (base 11) to base 10.
8
1 (base 8) to base 13
1
Convert -6 (base 9) to base 10.
-6
Convert 24 (base 6) to base 9.
17
Convert -37 (base 9) to base 14.
-26
-13 (base 11) to base 3
-112
What is -100 (base 5) in base 4?
-121
Convert 52 (base 14) to base 2.
1001000
Convert -2 (base 9) to base 16.
-2
Convert 324 (base 10) to base 6.
1300
What is -114 (base 5) in base 9?
-37
What is 24 (base 7) in base 16?
12
Convert -1 (base 5) to base 6.
-1
Convert -3 (base 11) to base 4.
-3
Convert -4 (base 5) to base 14.
-4
10d (base 16) to base 4
10031
What is 40 (base 7) in base 11?
26
What is 3 (base 15) in base 3?
10
What is 1011 (base 2) in base 5?
21
Convert 0 (base 7) to base 9.
0
What is -222 (base 6) in base 7?
-152
-11 (base 2) to base 16
-3
Convert 1013 (base 4) to base 12.
5b
Convert 22022 (base 3) to base 15.
ee
-83 (base 14) to base 7
-223
Convert 2 (base 12) to base 14.
2
47 (base 9) to base 2
101011
10 (base 13) to base 2
1101
What is 12 (base 7) in base 9?
10
Convert b (base 14) to base 8.
13
Convert 35 (base 15) to base 6.
122
8 (base 16) to base 2
1000
1 (base 8) to base 2
1
What is -5 (base 12) in base 10?
-5
-7 (base 10) to base 5
-12
What is -11121 (base 3) in base 5?
-444
0 (base 11) to base 12
0
Convert -1 (base 15) to base 4.
-1
-100011 (base 2) to base 5
-120
2 (base 9) to base 6
2
Convert 220 (base 4) to base 10.
40
3 (base 7) to base 10
3
Convert 310 (base 5) to base 16.
50
Convert 5 (base 12) to base 10.
5
-1 (base 8) to base 12
-1
13 (base 15) to base 8
22
31 (base 10) to base 12
27
What is 16 (base 12) in base 4?
102
3 (base 16) to base 11
3
Convert 21 (base 7) to base 2.
1111
What is 30 (base 11) in base 16?
21
What is -101001 (base 2) in base 15?
-2b
-34 (base 8) to base 12
-24
What is -100010 (base 2) in base 10?
-34
Convert 4 (base 8) to base 15.
4
16 (base 8) to base 10
14
Convert -3 (base 6) to base 2.
-11
Convert 1 (base 9) to base 11.
1
Convert 6 (base 15) to base 8.
6
Convert 3 (base 5) to base 4.
3
18 (base 9) to base 14
13
What is 0 (base 3) in base 9?
0
What is 30 (base 4) in base 15?
c
21 (base 14) to base 12
25
What is 4b (base 16) in base 12?
63
What is -3 (base 14) in base 2?
-11
Convert 11110 (base 2) to base 6.
50
What is -5 (base 7) in base 3?
-12
-12b (base 15) to base 7
-530
What is 220 (base 12) in base 3?
102120
-11000 (base 4) to base 3
-102212
Convert -150 (base 9) to base 13.
-99
Convert -1111 (base 3) to base 12.
-34
What is -1111101 (base 2) in base 4?
-1331
What is -7 (base 9) in base 12?
-7
Convert -2a (base 12) to base 11.
-31
0 (base 14) to base 9
0
Convert 66 (base 14) to base 13.
6c
What is -47 (base 14) in base 12?
-53
Convert 3 (base 11) to base 4.
3
Convert -1 (base 13) to base 7.
-1
0 (base 14) to base 6
0
Convert 1 (base 2) to base 16.
1
Convert -154 (base 12) to base 16.
-d0
What is 120 (base 4) in base 13?
1b
101 (base 3) to base 6
14
Convert 6 (base 16) to base 5.
11
c (base 14) to base 9
13
Convert -14 (base 5) to base 14.
-9
Convert -2 (base 16) to base 4.
-2
Convert -101001 (base 2) to base 10.
-41
Convert b (base 13) to base 11.
10
Convert 2 (base 8) to base 9.
2
What is 42 (base 7) in base 6?
50
What is 10 (base 3) in base 9?
3
What is -3 (base 5) in base 9?
-3
Convert -52 (base 8) to base 15.
-2c
Convert 4 (base 13) to base 16.
4
What is -17 (base 10) in base 6?
-25
What is -10 (base 15) in base 5?
-30
What is -1 (base 6) in base 4?
-1
3b (base 12) to base 16
2f
-1 (base 5) to base 4
-1
233 (base 7) to base 4
1322
b (base 13) to base 8
13
What is -2201 (base 4) in base 8?
-241
Convert 14 (base 16) to base 15.
15
-37 (base 15) to base 5
-202
What is 4 (base 5) in base 9?
4
What is -122 (base 4) in base 10?
-26
Convert -22 (base 6) to base 14.
-10
-22 (base 4) to base 5
-20
What is -302 (base 4) in base 15?
-35
Convert 27 (base 11) to base 5.
104
Convert -10 (base 3) to base 14.
-3
Convert -330 (base 8) to base 2.
-11011000
What is 9 (base 12) in base 9?
10
-4d (base 14) to base 6
-153
What is 2233 (base 4) in base 12?
127
Convert 165 (base 14) to base 6.
1153
What is -51 (base 16) in base 13?
-63
What is 3 (base 10) in base 3?
10
Convert -2 (base 8) to base 3.
-2
Convert 65 (base 16) to base 12.
85
21 (base 15) to base 12
27
What is -4 (base 15) in base 3?
-11
What is -3a (base 13) in base 8?
-61
What is -49 (base 10) in base 15?
-34
37 (base 14) to base 10
49
343 (base 5) to base 15
68
Convert -210 (base 6) to base 3.
-2220
What is -14 (base 6) in base 7?
-13
Convert -5 (base 12) to base 9.
-5
Convert 1a (base 16) to base 2.
11010
Convert -2 (base 14) to base 12.
-2
What is 253 (base 6) in base 2?
1101001
Convert -100 (base 4) to base 8.
-20
Convert -7c (base 14) to base 5.
-420
What is -19 (base 10) in base 15?
-14
Convert -a (base 13) to base 15.
-a
Convert 0 (base 8) to base 14.
0
-5a (base 11) to base 13
-50
36 (base 7) to base 2
11011
0 (base 8) to base 15
0
1000 (base 3) to base 7
36
What is -16 (base 10) in base 16?
-10
Convert 0 (base 7) to base 14.
0
Convert e (base 15) to base 7.
20
0 (base 12) to base 10
0
What is 120 (base 7) in base 5?
223
Convert -6 (base 9) to base 5.
-11
Convert -27 (base 9) to base 8.
-31
What is 22 (base 7) in base 8?
20
Convert 44 (base 5) to base 12.
20
Convert 2 (base 15) to base 5.
2
Convert 1111 (base 6) to base 16.
103
Convert -10 (base 11) to base 12.
-b
12 (base 4) to base 16
6
What is 11 (base 13) in base 12?
12
What is 3 (base 5) in base 11?
3
What is -52 (base 11) in base 10?
-57
Convert -1 (base 10) to base 9.
-1
What is -1a (base 16) in base 7?
-35
-22 (base 12) to base 7
-35
55 (base 10) to base 8
67
What is -24 (base 15) in base 14?
-26
Convert 1 (base 4) to base 10.
1
What is 20 (base 6) in base 12?
10
What is -21220 (base 3) in base 10?
-213
3 (base 13) to base 2
11
Convert d1 (base 15) to base 2.
11000100
Convert 11110 (base 2) to base 14.
22
16 (base 15) to base 4
111
Convert 420 (base 5) to base 13.
86
-443 (base 5) to base 10
-123
What is 58 (base 9) in base 7?
104
What is 0 (base 10) in base 14?
0
What is a (base 11) in base 5?
20
-11 (base 7) to base 4
-20
-5 (base 10) to base 2
-101
What is -15 (base 11) in base 9?
-17
32 (base 9) to base 12
25
Convert 1 (base 2) to base 7.
1
What is 160 (base 11) in base 5?
1222
What is -6 (base 14) in base 4?
-12
-1130 (base 4) to base 3
-10102
Convert 1 (base 5) to base 13.
1
6 (base 16) to base 8
6
Convert 61 (base 9) to base 12.
47
Convert 10101011 (base 2) to base 12.
123
Convert 20 (base 4) to base 9.
8
a8 (base 16) to base 13
cc
0 (base 3) to base 8
0
What is 10 (base 4) in base 14?
4
What is -234 (base 8) in base 3?
-12210
Convert 5 (base 15) to base 16.
5
6 (base 11) to base 3
20
6 (base 13) to base 10
6
What is 16 (base 12) in base 10?
18
Convert a8 (base 12) to base 2.
10000000
Convert 55 (base 12) to base 4.
1001
What is -20 (base 8) in base 2?
-10000
What is 1 (base 12) in base 14?
1
What is 65 (base 11) in base 2?
1000111
What is 9 (base 12) in base 15?
9
What is -160 (base 8) in base 10?
-112
-92 (base 16) to base 11
-123
What is 6 (base 15) in base 8?
6
What is -12 (base 12) in base 4?
-32
Convert 10 (base 15) to base 5.
30
Convert 6 (base 14) to base 6.
10
-5 (base 11) to base 15
-5
What is 22 (base 8) in base 12?
16
What is 220 (base 3) in base 7?
33
6 (base 11) to base 10
6
-10122 (base 3) to base 7
-200
What is 1a (base 16) in base 11?
24
What is 1 (base 3) in base 15?
1
2 (base 9) to base 8
2
What is 0 (base 14) in base 8?
0
Convert 75 (base 14) to base 7.
205
Convert -1 (base 5) to base 11.
-1
130 (base 11) to base 2
10011010
What is 100100 (base 3) in base 14?
140
What is -7 (base 15) in base 13?
-7
52 (base 15) to base 11
70
Convert 12 (base 7) to base 9.
10
134 (base 8) to base 12
78
What is -20 (base 4) in base 14?
-8
-1 (base 5) to base 12
-1
Convert 35 (base 14) to base 5.
142
Convert -34 (base 9) to base 2.
-11111
1a (base 14) to base 7
33
What is -52 (base 8) in base 7?
-60
What is -c (base 14)